 the highest common divisor of n and f?
5
Let x be (-4)/(-6)*(-42)/4. Let r be 1 + (-4 - -4) - x. What is the highest common divisor of 32 and r?
8
Let m(b) = -b**2 - b + 1. Let g(r) = 2*r**2 + 9*r - 2. Let q(x) = -g(x) - 4*m(x). Let w be q(4). What is the greatest common divisor of 110 and w?
10
Suppose -4*a - 3*g = -1854 - 393, 0 = -3*a + g + 1669. Suppose 7*h - a = 58. Calculate the greatest common divisor of 11 and h.
11
Suppose 12 = -0*l + 3*l. Let z be 3/(-12) - ((-25)/20 - 1). Suppose 2*d + z*n + l = -n, -2*n - 20 = -3*d. What is the greatest common factor of d and 32?
4
Suppose 116 = p + 3*p. Let d be (-59 - 1) + 10 + -8. Let v be d*(2 + (-10)/4). What is the greatest common factor of v and p?
29
Let t(l) = 7*l**3 - 4*l**2 + 15*l - 7. Let c be t(4). Calculate the greatest common divisor of c and 19.
19
Let t be (6/8)/((-60)/(-1100))*4. What is the highest common divisor of 110 and t?
55
Suppose 9*f - 105 = 192. Suppose 5*b + 4*i - 14 - 19 = 0, i - 17 = -3*b. Let q be 3*3 - (-7 + b). What is the highest common divisor of f and q?
11
Let r = -271 - -307. Calculate the highest common factor of r and 9.
9
Let u be (3/(-2))/((-1)/2) - 12. Let g = 30 + u. Calculate the greatest common factor of g and 42.
21
Let a(h) = h**3 - 8*h**2 + 10*h - 8. Let t be a(7). Let n = 4 - 2. Let d(f) = 13*f**2. Let l be d(n). What is the highest common factor of t and l?
13
Suppose 5*i - 10 = -5. Let c be i*18*12/18. Calculate the greatest common factor of c and 6.
6
Let p = -2887 + 4662. What is the greatest common divisor of 25 and p?
25
Let j be ((-1)/(2/(-28)))/(4/2). Suppose -i = -j*i + 78. What is the greatest common factor of i and 39?
13
Let o(n) be the second derivative of -n**5/20 + 5*n**4/3 - 17*n**3/6 - 14*n**2 + n. Let p be o(19). What is the greatest common factor of p and 5?
5
Let t be 59*(-3)/(-5 + 2). Calculate the highest common factor of t and 3481.
59
Suppose u - 2*g + 8 = 0, -8 = -2*u + g - 3*g. Suppose -2*w + w = -3*p + 35, u = -4*p - 3*w + 38. What is the greatest common divisor of 55 and p?
11
Suppose 6*g - 100 = -4*g. Calculate the highest common factor of g and 1130.
10
Let r be -5 - 339/(-15) - (-3)/(-5). Let n = r + -7. Calculate the greatest common divisor of n and 10.
10
Let s = 22 + -14. Suppose -5*j - 42 = -s*j. Let l = -17 - -24. Calculate the greatest common divisor of j and l.
7
Suppose -3*g + 192 = 2*g + 3*t, 4 = t. What is the greatest common divisor of g and 76?
4
Let n = 109 + -85. Suppose -n + 60 = z. What is the greatest common factor of 54 and z?
18
Suppose 2*f = 6 - 2. Suppose -f*t = t - 24. Let j(u) = -u**3 + 9*u**2 - 4*u - 10. Let g be j(t). What is the highest common factor of g and 110?
22
Let r = 554 - 304. Calculate the greatest common divisor of 2 and r.
2
Let s = -93 - -48. Let q be (-394)/(-10) + (-6)/s*-3. What is the greatest common factor of q and 78?
39
Suppose -13*j + 12*j + 300 = 0. Let b be 18/(-15)*j/(-9). Calculate the highest common factor of 360 and b.
40
Suppose 524 = 2*c - 4*d, 4*c - 3*d - 2*d - 1051 = 0. What is the greatest common divisor of c and 24?
24
Suppose 3*v = 4*g - 3*g + 22, -5*g = -25. Let i = 13 - v. Suppose u + i = 8. Calculate the highest common divisor of u and 4.
4
Let v be (1/1)/((-25)/(-12300)). Calculate the greatest common divisor of v and 4.
4
Let i be 11649/22 - (-9)/(-6) - 3. What is the highest common factor of i and 315?
105
Let l(p) = -2*p**3 - 149*p**2 + 85*p + 827. Let i be l(-75). Suppose 3*b = -2*b + 35. Calculate the greatest common factor of b and i.
7
Suppose -3*f = 2*f. Suppose p = -f*p. Suppose -5*d - 9 + 64 = p. Calculate the highest common factor of 88 and d.
11
Suppose 0 = -35*w + 30*w + 175. Suppose 0 = -59*j + 64*j - 25. Calculate the greatest common factor of w and j.
5
Let k(m) = m**3 - 4*m**2 + 2*m + 4. Let u be k(3). Suppose 4*j = 7*j + 36. Let t = -7 - j. Calculate the greatest common factor of u and t.
1
Let g = -31 + 72. Suppose -4*u - g = -13. Let b be (-126)/u - 0/(-1). What is the greatest common divisor of 6 and b?
6
Let g be (58/232 + (-1114)/(-24))*6. Suppose 3*y + 140 = 7*y. What is the highest common factor of g and y?
35
Let j(z) = z**3 - 10*z**2 + 9*z + 22. Let l = -17 - -26. Let w be j(l). Calculate the highest common factor of w and 55.
11
Suppose -d - 32 = -34. Let k be 220/14 - 2/(-7). Calculate the greatest common divisor of k and d.
2
Let l(n) = 12*n**2 + 43*n + 59. Let a be l(-14). Calculate the greatest common divisor of 67 and a.
67
Let x be (-4)/2 + 19 + -10. What is the highest common divisor of x and 553?
7
Suppose 5*x - 79 = 71. Let a(c) = c**2 + 14*c + 45. Let z be a(-10). What is the highest common divisor of x and z?
5
Let q = -95 + 119. Calculate the highest common divisor of 60 and q.
12
Suppose -759 = -3*u - m, -2*u + 3*m = u - 747. Calculate the highest common factor of 28 and u.
28
Suppose 4*z = 2*f + 52 - 4, -36 = -3*z + 2*f. Let s be 230/z - (-1)/(-6). What is the greatest common divisor of s and 133?
19
Let x(n) = 35*n - 1. Let d be x(3). Suppose -4*m - 5*r = -120, -2*m + 6*m + r = d. Calculate the highest common divisor of m and 50.
25
Let b be (384/112)/((-3)/(-126)). What is the greatest common divisor of b and 16?
16
Let y = -38 + 23. Let o(q) = -1950*q**3 - 2 + 2*q + 17*q**2 + 1951*q**3 - 2*q**2 - 3*q. Let s be o(y). Calculate the greatest common factor of 39 and s.
13
Let u = 447 - -127. What is the highest common factor of u and 14?
14
Suppose -5*t + 59 = -901. Suppose 2110 - 190 = 70*f - 30*f. Calculate the greatest common factor of f and t.
48
Let b(g) = 47*g**3 + 3*g**2 - 1. Let t be b(-1). Let z = t + 87. Calculate the greatest common divisor of z and 3.
3
Let a be 54 + 3/(1/(-1)). Suppose -24 = 48*p - a*p. Calculate the greatest common divisor of p and 104.
8
Suppose -4*h + 9*h - 3*f = -6, -2*f - 6 = 0. Suppose 2*g - 9 = -1. Let b = g + h. What is the greatest common factor of b and 3?
1
Let h(v) = 3*v**2 + 2*v + 6 - 5 - 2*v. Let i be h(-1). Suppose -i = -y - 0. What is the highest common divisor of y and 12?
4
Suppose -4*t - t = 110. Let o = 54 + t. Let n = -1 - -5. What is the greatest common divisor of n and o?
4
Let n = -57 + 131. What is the highest common factor of 518 and n?
74
Suppose 7791 = 96*c - 75*c. Calculate the highest common divisor of 7 and c.
7
Suppose -2*i - 2 = 0, 4*b = -2*i + 7*i + 581. Calculate the greatest common factor of b and 18.
18
Let b = 923 - 390. Calculate the highest common divisor of b and 41.
41
Let r(v) = -8*v - 136. Let l be r(-26). Let c be 136/3 + (-4)/12. Let k be 2151/c - 1/(-5). What is the highest common factor of k and l?
24
Suppose -5*k + 1315 - 230 = 0. What is the highest common factor of k and 496?
31
Let r(y) = -64*y - 1. Let z be r(-1). Let l be (2*-1)/(-3 - 74/(-25)). Suppose -1 = 7*p - l. Calculate the greatest common factor of p and z.
7
Let o = 2805 + -2753. What is the highest common divisor of 234 and o?
26
Let k(a) be the first derivative of -3*a + 1/2*a**2 + 6. Let p be k(11). Calculate the highest common factor of 12 and p.
4
Let j = -400 - -590. What is the highest common divisor of j and 20?
10
Suppose -62 = -21*l + 169. Calculate the greatest common divisor of 176 and l.
11
Let o(w) = -3*w - 3. Let l be o(-2). Let j = l - 1. Suppose 0 = -j*f + 5 + 7. What is the highest common factor of 2 and f?
2
Let g be 5/(150/12)*20. Suppose 25*q - 24*q = g. What is the greatest common factor of q and 24?
8
Let a = 36 + 9. Let d = -67 + 96. Let j = d - 11. Calculate the greatest common divisor of j and a.
9
Suppose 3*t + 3*g - 147 = 0, 4*t = 2*g + 149 + 41. Let k = 81 - t. What is the greatest common factor of 22 and k?
11
Let z be (-10)/(-55) - (-3908)/44. Suppose 3*h - 5*a = 46 + z, -a + 3 = 0. Calculate the highest common divisor of h and 125.
25
Let s = 17 - 14. Suppose 89 = -s*i - 28. Let t = -29 - i. What is the greatest common factor of t and 15?
5
Let i(t) = t**2 - 3. Let f be i(0). Let c be -14*(-5 - (f + 0)). Suppose -3*x + 5*x = c. Calculate the greatest common divisor of x and 56.
14
Suppose -18 - 2 = 5*f. Let h be ((-21)/112)/(1/492)*f. What is the highest common factor of 41 and h?
41
Let v = -421 - -512. What is the highest common factor of 728 and v?
91
Let h(p) = -p**2 + 52*p + 438. Let b be h(0). What is the highest common divisor of